s -2488 - -12?
-2476
In base 10, what is 202926 - 4?
202922
In base 16, what is -6 + 14fcf?
14fc9
In base 8, what is 217112 - -6?
217120
In base 8, what is -23110 - 156?
-23266
In base 14, what is -6c7 - 24?
-70b
In base 14, what is 2 + -a1cd?
-a1cb
In base 5, what is 1044101341 + 0?
1044101341
In base 6, what is -3510 + -350?
-4300
In base 11, what is -4 + -1104a?
-11053
In base 6, what is 4143031 + 1?
4143032
In base 10, what is 424554 - 3?
424551
In base 5, what is 224311413 + 1?
224311414
In base 5, what is 1401 + 121?
2022
In base 14, what is 18 - -abb?
ad5
In base 6, what is 1444 - -1331?
3215
In base 12, what is -2b - b74?
-ba3
In base 16, what is -4 + -108ad?
-108b1
In base 9, what is -3 - -3048741?
3048737
In base 3, what is 21100022012 - 2?
21100022010
In base 14, what is 1c40 + 2?
1c42
In base 3, what is 21 + -100100122?
-100100101
In base 5, what is -1 + 1213210?
1213204
In base 6, what is -1 - 3141434?
-3141435
In base 3, what is 110 + 10022?
10202
In base 3, what is -101 - -1110001201?
1110001100
In base 13, what is -20a4 + -71?
-2145
In base 12, what is -13a6b6 - -4?
-13a6b2
In base 2, what is -11010010111 + -110110?
-11011001101
In base 5, what is -423311 + -111?
-423422
In base 14, what is -66a + -4?
-670
In base 8, what is 33 - 154705?
-154652
In base 3, what is 12121202 - 10202?
12111000
In base 9, what is 48 + -1110?
-1051
In base 10, what is 62941 - 1?
62940
In base 15, what is 2420c + 4?
24211
In base 2, what is -111 - 10111001100110?
-10111001101101
In base 9, what is 466 - -214?
681
In base 8, what is -10227 - 20?
-10247
In base 6, what is 2015 + -35?
1540
In base 11, what is 12434 + 0?
12434
In base 6, what is -4304050 - -2?
-4304044
In base 14, what is bcb + -14?
bb7
In base 4, what is 10020 + 120?
10200
In base 13, what is 27 + -434c?
-4325
In base 4, what is 22 + -13321132?
-13321110
In base 12, what is 407 - -5b6?
a01
In base 14, what is 3 - -4b99?
4b9c
In base 5, what is -1 + 400430?
400424
In base 8, what is 52 + -5607?
-5535
In base 9, what is -1018 + -181?
-1210
In base 16, what is -5fab77 + 1?
-5fab76
In base 9, what is -4 + -128643?
-128647
In base 12, what is 23973 - 5?
2396a
In base 3, what is -11001210 + -1110000?
-12111210
In base 4, what is -1 + -103031331?
-103031332
In base 11, what is -264267 - 3?
-26426a
In base 3, what is 1001 + 2212210?
2220211
In base 8, what is 3 + 336116?
336121
In base 13, what is -8 + 2a1?
296
In base 10, what is -1086820 + 4?
-1086816
In base 14, what is 2 - 5a48?
-5a46
In base 8, what is 1112514 + -3?
1112511
In base 5, what is -1012 - -10112?
4100
In base 15, what is 81775 + 4?
81779
In base 14, what is 400c + -1?
400b
In base 4, what is 122023 - 313300?
-131211
In base 6, what is 304 + -2014?
-1310
In base 9, what is 853 + 1256?
2220
In base 15, what is -29 - -3048?
301e
In base 4, what is 1001121 - 302?
1000213
In base 11, what is -17a50 + -5?
-17a55
In base 15, what is 3 - -7c9?
7cc
In base 11, what is -5 - 6910?
-6915
In base 9, what is 4 + 171684?
171688
In base 10, what is -17 - 1617?
-1634
In base 10, what is -68 + -840?
-908
In base 12, what is 4 - 63a10?
-63a08
In base 14, what is -54 + -18725?
-18779
In base 5, what is 12024342 - -3?
12024400
In base 7, what is -2 - 66136?
-66141
In base 7, what is 135 - -161651?
162116
In base 2, what is 1100011010000010 - -110?
1100011010001000
In base 9, what is 305 + 381?
686
In base 15, what is 5 + -14421?
-1441b
In base 4, what is 31013 + -10131?
20222
In base 6, what is 14 + -105102?
-105044
In base 3, what is 201 + 122?
1100
In base 15, what is -170e53 - 0?
-170e53
In base 9, what is 611 + -447?
153
In base 7, what is 12356 + -25?
12331
In base 14, what is -6 + 8db1?
8da9
In base 8, what is -3630 + 146?
-3462
In base 2, what is -10011111100000 - 1000?
-10011111101000
In base 9, what is 575 - -32?
617
In base 6, what is 2214 + -4420?
-2202
In base 8, what is 367467 + -1?
367466
In base 7, what is -15666003 + -3?
-15666006
In base 6, what is 2 - -1201205?
1201211
In base 6, what is -32022 - -20?
-32002
In base 10, what is 53230 + -5?
53225
In base 8, what is -14133 + 1?
-14132
In base 7, what is 444250 + 1?
444251
In base 6, what is -12 + -1455415?
-1455431
In base 10, what is -13927 - -7?
-13920
In base 13, what is 2726 - 2c3?
2433
In base 12, what is -121 + 54?
-89
In base 8, what is -260 + -403?
-663
In base 12, what is 9b425 + 1?
9b426
In base 12, what is 4 + 26037?
2603b
In base 9, what is 348 - 8?
340
In base 14, what is 2817 + -b2?
2745
In base 13, what is -48 - -1143?
10c8
In base 11, what is -9a708 + 0?
-9a708
In base 5, what is 313 - -32004?
32322
In base 5, what is -110111114 + 4?
-110111110
In base 2, what is 100000000 - -100010001010?
100110001010
In base 15, what is c50 - 650?
600
In base 10, what is -3 - 39339?
-39342
In base 5, what is -1032 + -23?
-1110
In base 6, what is -251412 + -15?
-251431
In base 6, what is 1025 + -1315?
-250
In base 3, what is -1212210 - 1021?
-1221001
In base 15, what is c7ca + 3?
c7cd
In base 7, what is 0 + 2203?
2203
In base 5, what is -2140 - 2020?
-4210
In base 14, what is 5c + -37?
25
In base 5, what is 40423 - -114?
41042
In base 7, what is -2234424 - -1?
-2234423
In base 3, what is 21212 - -1121200?
1220112
In base 15, what is 94 + 429?
4bd
In base 16, what is -15f8 + 17?
-15e1
In base 13, what is 4c924 + 14?
4c938
In base 9, what is 4808 - 44?
4754
In base 4, what is -100100213 + 2?
-100100211
In base 3, what is 211012011222 - -112?
211012012111
In base 8, what is 1731 - 4?
1725
In base 15, what is -1d58 + 36?
-1d22
In base 5, what is -3 - -11002311?
11002303
In base 16, what is -b - 13d6?
-13e1
In base 10, what is -53 + 1367?
1314
In base 7, what is 116 - 3631?
-3512
In base 10, what is -974 - 284?
-1258
In base 13, what is -169 - 24?
-190
In base 15, what is -4312d + 2?
-4312b
In base 6, what is -5 - 342113?
-342122
In base 3, what is 202110 - 2220011?
-2010201
In base 4, what is 10 - -2301212?
2301222
In base 12, what is -9 + -86b37?
-86b44
In base 15, what is -24b59 - -5?
-24b54
In base 12, what is -1 - -460a8?
460a7
In base 5, what is -4 - 221434?
-221443
In base 5, what is 32301 - 4241?
23010
In base 3, what is -2020011 - 121120?
-2211201
In base 9, what is 1438 + -22?
1416
In base 10, what is 9501 - 128?
9373
In base 5, what is 122103 - -102?
122210
In base 4, what is 232321 - -110?
233031
In base 15, what is -5d - -6973?
6915
In base 5, what is -32 + 424403?
424321
In base 3, what is -102 - 201221110110?
-201221110212
In base 13, what is -1 + 30c0?
30bc
In base 2, what is -1001 - -1101010101101010010?
1101010101101001001
In base 13, what is 1446 + a?
1453
In base 2, what is 11 - -101000110110010?
101000110110101
In base 3, what is -1112021100 - 122?
-1112021222
In base 3, what is -212 + -11000022000?
-11000022212
In base 3, what is 122121 + 22012011?
22211202
In base 4, what is 11 - -110312230?
110312301
In base 12, what is 4 - 185b0?
-185a8
In base 5, what is -104 - 143314?
-143423
In base 14, what is 199 + -1327?
-116c
In base 15, what is 5 - 6d2e4?
-6d2de
In base 2, what is 100 + 1101110110110?
1101110111010
In base 7, what is -5 + -2466?
-2504
In base 11, what is 8453 - 7?
8447
In base 6, what is 0 + -12155425?
-12155425
In base 6, what is 10 + 13352412?
13352422
In base 12, what is -105365 + -1?
-105366
In base 2, what is 100100010010100010 - 1100?
100100010010010110
In base 6, what is -12254 + -5?
-12303
In base 9, what is -28 + -143?
-172
In base 2, what is 11111000 + -110001000?
-10010000
In base 3, what is -2012 + 1201?
-111
In base 14, what is -12 - 2d6?
-308
In base 4, what is 2111332 - 112?
2111220
In base 10, what is -453 - 4178?
-4631
In base 16, what is 3b415 - -1?
3b416
In base 12, what is -121571 + 1?
-121570
In base 15, what is 1d + -162?
-144
In base 16, what is -dcea - 17?
-dd01
In base 3, what is 1220220 - 1010?
1212210
In base 7, what is 4 - -2431445?
2431452
In base 13, what is -29 - 515c?
-5188
In base 9, what is 4 + 834623?
834627
In base 10, what is -77 - -3872?
3795
In base 8, what is 34030 + -4?
34024
In base 12, what is -a5 + -257a?
-2663
In base 12, what is -4 + -61567?
-6156b
In base 3, what is -210 - -111001120?
111000210
In base 4, what is -2 + -1300112?
-1300120
In base 3, what is -221021 - 10102121?
-11100212
In base 8, what is 